20341
List the prime factors of 799571666.
2, 399785833
List the prime factors of 61726154.
2, 7, 59, 74729
List the prime factors of 3651321014.
2, 11, 613, 270749
List the prime factors of 152117731.
29, 5245439
List the prime factors of 55382974.
2, 17, 443, 3677
What are the prime factors of 137204745?
3, 5, 9146983
List the prime factors of 391443668.
2, 7, 11, 367, 3463
What are the prime factors of 207533913?
3, 69177971
List the prime factors of 2966558612.
2, 53, 13993201
What are the prime factors of 3907073313?
3, 11, 13, 31
List the prime factors of 3822599510.
2, 5, 191, 2001361
What are the prime factors of 559830171?
3, 186610057
List the prime factors of 1087655870.
2, 5, 7, 101, 153841
List the prime factors of 94416655.
5, 47, 401773
List the prime factors of 2759246855.
5, 61, 9046711
What are the prime factors of 83143908?
2, 3, 28513
What are the prime factors of 813140835?
3, 5, 13, 4169953
List the prime factors of 359137533.
3, 1187, 100853
List the prime factors of 1496084685.
3, 5, 179, 557201
What are the prime factors of 3598197235?
5, 25589, 28123
What are the prime factors of 2188677208?
2, 67, 223, 18311
What are the prime factors of 19232585?
5, 1181, 3257
List the prime factors of 1118010488.
2, 7, 719, 27767
List the prime factors of 245389957.
37, 701, 9461
What are the prime factors of 1265263260?
2, 3, 5, 59, 113, 3163
List the prime factors of 144144847.
7, 11, 59, 31729
What are the prime factors of 858953899?
109, 563, 13997
List the prime factors of 78182643.
3, 7, 11, 17, 43, 463
List the prime factors of 114706157.
17, 6747421
List the prime factors of 145720410.
2, 3, 5, 11, 23, 73, 263
List the prime factors of 1869134555.
5, 193, 547, 3541
List the prime factors of 361382006.
2, 1783, 101341
What are the prime factors of 678738978?
2, 3, 37707721
What are the prime factors of 44473105?
5, 17, 523213
List the prime factors of 57901911.
3, 19, 1015823
List the prime factors of 1634107371.
3, 13, 17, 31, 43
What are the prime factors of 733201884?
2, 3, 20366719
List the prime factors of 12456338.
2, 2141, 2909
What are the prime factors of 162812572?
2, 13, 227, 1061
List the prime factors of 70056918.
2, 3, 3892051
What are the prime factors of 229938830?
2, 5, 11, 2090353
What are the prime factors of 110230486?
2, 1259, 43777
What are the prime factors of 151435350?
2, 3, 5, 11, 30593
What are the prime factors of 1298367998?
2, 6607, 98257
What are the prime factors of 430645071?
3, 17, 59, 167, 857
List the prime factors of 463528319.
73, 6349703
List the prime factors of 5594473699.
20479, 273181
List the prime factors of 854665.
5, 7, 24419
List the prime factors of 79452808.
2, 29, 342469
What are the prime factors of 242080546?
2, 121040273
List the prime factors of 129208035.
3, 5, 11, 257, 277
List the prime factors of 2692756971.
3, 107, 829, 3373
List the prime factors of 203970657.
3, 11, 6180929
What are the prime factors of 170607047?
13, 163, 80513
List the prime factors of 6931291183.
6931291183
List the prime factors of 101936548.
2, 7, 3640591
List the prime factors of 25228301.
7, 3604043
What are the prime factors of 1820794416?
2, 3, 7, 881, 6151
What are the prime factors of 326053826?
2, 7, 23289559
What are the prime factors of 44174922?
2, 3, 11, 71, 857
What are the prime factors of 210257130?
2, 3, 5, 2213, 3167
List the prime factors of 1131419632.
2, 7, 17, 127, 4679
What are the prime factors of 22580178?
2, 3, 3763363
List the prime factors of 1501492568.
2, 12577, 14923
List the prime factors of 437756737.
11, 827, 48121
List the prime factors of 276262874.
2, 29, 43, 110771
List the prime factors of 154718394.
2, 3, 17, 1516847
What are the prime factors of 284543440?
2, 5, 3556793
List the prime factors of 3162072027.
3, 21059, 50051
List the prime factors of 4058363095.
5, 29, 73, 467, 821
List the prime factors of 292555628.
2, 73138907
What are the prime factors of 79955171?
2837, 28183
What are the prime factors of 17548265?
5, 7, 179, 2801
List the prime factors of 555729141.
3, 11, 71, 113, 2099
What are the prime factors of 1374328840?
2, 5, 34358221
What are the prime factors of 3611406711?
3, 11, 79, 1385273
List the prime factors of 375546562.
2, 751, 250031
List the prime factors of 58644428.
2, 14661107
List the prime factors of 394375391.
907, 434813
List the prime factors of 95848247.
11, 43, 202639
List the prime factors of 328257439.
41, 8006279
List the prime factors of 199171531.
13, 83, 197, 937
What are the prime factors of 509289633?
3, 1433, 13163
List the prime factors of 430676238.
2, 3, 353, 203341
List the prime factors of 920016.
2, 3, 6389
What are the prime factors of 577347377?
281, 2054617
List the prime factors of 3939796443.
3, 11, 119387771
What are the prime factors of 73441397?
4241, 17317
What are the prime factors of 110901140?
2, 5, 7, 792151
List the prime factors of 1505504394.
2, 3, 17, 546661
What are the prime factors of 166235147?
13, 12787319
What are the prime factors of 3888337?
3888337
What are the prime factors of 290996869?
367, 792907
What are the prime factors of 667395592?
2, 7369, 11321
List the prime factors of 79490997.
3, 17, 173183
List the prime factors of 225711485.
5, 71, 701, 907
What are the prime factors of 1274930626?
2, 637465313
What are the prime factors of 550419974?
2, 13, 71, 298169
List the prime factors of 42685909.
7, 61, 14281
What are the prime factors of 5427465618?
2, 3, 23, 39329461
What are the prime factors of 3633197931?
3, 11, 36698969
List the prime factors of 26310608.
2, 1644413
What are the prime factors of 3806891941?
577, 733, 9001
List the prime factors of 353286754.
2, 176643377
What are the prime factors of 5887158211?
11, 67, 83, 157, 613
List the prime factors of 13307571.
3, 164291
List the prime factors of 34846370.
2, 5, 13, 268049
List the prime factors of 141056440.
2, 5, 7, 67, 73, 103
List the prime factors of 5340265489.
13, 410789653
What are the prime factors of 863975542?
2, 23, 18782077
List the prime factors of 385179861.
3, 11, 11672117
What are the prime factors of 213761772?
2, 3, 7, 43, 19727
What are the prime factors of 43512867?
3, 127, 38069
What are the prime factors of 153232795?
5, 30646559
What are the prime factors of 51253211?
1459, 35129
What are the prime factors of 53642747?
53642747
What are the prime factors of 540498325?
5, 21619933
List the prime factors of 244233489.
3, 1163, 70001
List the prime factors of 287475977.
37, 997, 7793
What are the prime factors of 1451011126?
2, 2377, 305219
List the prime factors of 1682073550.
2, 5, 1877, 17923
List the prime factors of 96613727.
7, 19, 726419
List the prime factors of 1478175503.
7, 30166847
What are the prime factors of 102225783?
3, 11, 29, 37, 2887
What are the prime factors of 588765205?
5, 7, 1747, 9629
What are the prime factors of 100812608?
2, 13, 121169
What are the prime factors of 124508029?
47, 79, 33533
List the prime factors of 635653710.
2, 3, 5, 37, 63629
List the prime factors of 617811203.
617811203
List the prime factors of 146578198.
2, 13, 19, 41, 7237
What are the prime factors of 268186369?
11, 3259, 7481
What are the prime factors of 591552411?
3, 29, 37, 127, 1447
List the prime factors of 3731723272.
2, 19, 137, 179203
List the prime factors of 66515584.
2, 31, 16763
What are the prime factors of 197684401?
2857, 69193
List the prime factors of 1399490649.
3, 113, 317, 1447
List the prime factors of 10975780.
2, 5, 293, 1873
What are the prime factors of 583804327?
17, 109, 315059
List the prime factors of 295484471.
883, 334637
What are the prime factors of 59218895?
5, 11843779
List the prime factors of 1012002392.
2, 23, 37, 281
What are the prime factors of 1698308842?
2, 8461, 100361
List the prime factors of 94467434.
2, 47233717
List the prime factors of 45046998.
2, 3, 113, 22147
What are the prime factors of 38092053?
3, 17, 746903
What are the prime factors of 17224218?
2, 3, 11, 107, 271
List the prime factors of 560448318.
2, 3, 31, 281, 10723
List the prime factors of 852488403.
3, 13, 607, 36011
List the prime factors of 47383556.
2, 11, 17, 63347
List the prime factors of 512206441.
512206441
List the prime factors of 665738214.
2, 3, 79, 619